alculate the remainder when 142 is divided by w(-12).
26
Let u be 0 + -2 - (1 - 2). Let r(h) be the first derivative of -16*h**4 + h**3/3 - h**2 - 3*h - 23. What is the remainder when r(u) is divided by 13?
12
Let k be (-1)/(3 - 1508/503). Let v = k + 924. Calculate the remainder when v is divided by 107.
100
Let i be (-2)/11 - (-49574)/(-77). Let u = -627 - i. Calculate the remainder when 182/6 - 1/3 is divided by u.
13
Suppose -5*q = -106 - 189. Let o = q + -28. Let l = -125 + 133. Calculate the remainder when o is divided by l.
7
Let y(x) = -36*x + 686. What is the remainder when y(16) is divided by 87?
23
Suppose 11*a = 484 - 110. Let h = 51 + -33. What is the remainder when a is divided by h?
16
Let v be 4 + -5 + 2 - -304. Suppose -49*j + 38 + v = 0. Calculate the remainder when 466 is divided by j.
4
Suppose d - n = 62, 0 = 2*d + 4360*n - 4355*n - 33. What is the remainder when 2 - -191 - (-2)/(-1) is divided by d?
44
Let l = 26 - 22. Suppose -l*x - x = -350. Suppose h + h - 2 = 0, h - x = -z. What is the remainder when z is divided by 24?
21
Suppose -3*z = 5*g + 65, 0 = 3*z + 12*g - 15*g + 57. Suppose 15 = 3*r + s, 2*r = -5*s + 11 + 12. What is the remainder when 4 + z/r - -26 is divided by 14?
11
Let i(n) = -n**2 - 25*n - 61. Let l = 93 + 24. What is the remainder when l is divided by i(-22)?
2
Suppose -11320 = 17*t - 40016. Suppose -7*o = 246 - t. Calculate the remainder when o is divided by 26.
24
Let t(g) = -g**3 + 14*g**2 + 3. Suppose 6*p - p + 2*a = 38, 0 = 2*p + 3*a - 13. Suppose 35 = -p*j + 9*j. What is the remainder when t(13) is divided by j?
32
Suppose -23*h - 44*h + 2747 = 0. Calculate the remainder when 252 is divided by h.
6
Suppose 17*d - 20*d - 2940 + 24864 = 0. Calculate the remainder when d is divided by 86.
84
Suppose -10*k = 78 - 3188. Let g(m) = -m**3 - 6*m**2 + 2*m + 36. What is the remainder when k is divided by g(-6)?
23
Let f be 6/(-4)*40/30*-1. Suppose 7*j - 156 = -f. Calculate the remainder when 153 is divided by j.
21
Suppose 5844*j - 5836*j - 6168 = 0. Calculate the remainder when j is divided by 21.
15
Suppose l + v = 4, -4*l + 5*v + 8 = v. Suppose -4*t - l*m - m = 16, -2*t + 4*m = 38. Calculate the remainder when 59 is divided by (-3 + 2 + t)*-2.
19
Let j(n) = -1 - 878*n**2 + 882*n**2 - 12 + 53*n. What is the remainder when 85 is divided by j(-14)?
27
Let t(h) be the second derivative of h**3/6 + 49*h**2/2 - 7*h. What is the remainder when (1/(1/36))/(2/8) is divided by t(0)?
46
Let i(m) = 5*m**2 - 3*m + 3. Let j be i(1). Suppose n - j*b - 2 = 0, 3*n - 3*b + 96 = 6*n. What is the remainder when n is divided by 1*10 + (-1 - -2)?
5
Suppose 10*o + 13*o + 50 = 25*o. Suppose 0 = 3*p + 15, 0*p + 209 = 2*j - 3*p. What is the remainder when j is divided by o?
22
Let k = -1423 + 1820. Calculate the remainder when k is divided by 77.
12
Suppose 5*g - 95 = -2*p, -5*p + 229 = 10*g - 6*g. What is the remainder when 418 is divided by p?
13
Suppose -4*k + 69 = -3*x, -9*k = -10*k - 4*x + 41. Suppose -k*o = -16*o - 795. Let b = -87 + o. What is the remainder when b is divided by 19?
15
Let d(p) = 3*p - 27. Let v be d(10). Let s(u) = -u**v - 8 + 8*u - 2 - 2 + 11*u**2. Calculate the remainder when s(11) is divided by 40.
36
Suppose 3*a = -2*j + 421, 5*a = -0*j + 4*j - 831. Let u = -558 + 565. Calculate the remainder when j is divided by u.
6
Let h = 709 - 710. What is the remainder when 47840/130 - 1/(h/(-2)) is divided by 95?
81
Let c = -13 - -21. Calculate the remainder when 1078/196 - 297/(-22) is divided by c.
3
Let t(n) be the first derivative of 22*n**3/3 + n**2/2 - 2. Let r be t(-1). Suppose -r = -5*d + 29. Calculate the remainder when 29 is divided by d.
9
Let s(y) = -2*y**2 - 26*y + 48. Calculate the remainder when 9478 is divided by s(-9).
118
Suppose -5*p = 4*s + 140, -4*p + 3*s = -p + 57. Let o = -24 - p. Calculate the remainder when 20 - 2 - (o - -2) is divided by 6.
4
Let l(c) = 2*c + 324. Let f = 464 - 238. What is the remainder when f is divided by l(-123)?
70
Let q(a) = 13*a**2 - 8*a - 7. What is the remainder when 1252 is divided by q(-1)?
6
Suppose 0 = -2*n - 6, -2*d + 3*n - 24 = -5*d. Let k(m) = 2*m**3 + 16*m**2 + 13*m + 21. Calculate the remainder when k(-7) is divided by d.
6
Let k be (-1263)/(-3) + (3 + -23)/5. Let v = k + -347. Calculate the remainder when 487 is divided by v.
67
Let x(v) = 50 + v**3 + 46 - 81 + 11*v**2 - 16*v. Suppose -4*c = -6 - 58. Calculate the remainder when x(-12) is divided by c.
15
Suppose 2*x = 2*f + 7 + 3, -2*f - 5 = -x. Suppose 0 = 5*p, -134 = 2*k - f*p - p. Let w = -32 - k. What is the remainder when w is divided by 9?
8
Calculate the remainder when 11/(77/868) - (5 + 3) is divided by 8.
4
Let g = 5174 - 5142. Calculate the remainder when 81 is divided by g.
17
Let k = 420 - 296. Let v(t) = t + 10. Let w be v(5). Suppose w = n - 6. Calculate the remainder when k is divided by n.
19
Suppose -20*s = -2958 + 2738. What is the remainder when 1121 is divided by s?
10
Let b(f) = 12*f + 3. What is the remainder when b(7) is divided by (-4 - 456/(-60))/(5/25)?
15
Suppose 581 = a - 4*o - 129, -4*o = 4*a - 2900. Calculate the remainder when a is divided by 46.
32
Suppose 3 - 7 = -4*g, -4*g + 80 = x. Calculate the remainder when x is divided by 22.
10
Suppose o = 5*l - 7*l + 211, 4*o - l = 835. Calculate the remainder when o is divided by 85.
39
Calculate the remainder when 585 is divided by ((-2)/12)/(44/(-18744)).
17
Suppose 6*t + 12 = 10*t. Suppose 2*g = 0, -5*q + 51 = 3*g + 11. Calculate the remainder when ((-23)/(-2))/((-3)/(-18)*t) is divided by q.
7
Suppose 0 = -23*h + 7*h + 4096. Let o = -209 + h. Let c = 27 - 10. Calculate the remainder when o is divided by c.
13
Let j(g) = -3*g + 32. Let b(s) = -2*s + 33. Let z(c) = 4*b(c) - 3*j(c). Suppose 3*d + 2*d = 0. What is the remainder when 143 is divided by z(d)?
35
Let s(y) = 4*y + 10. What is the remainder when s(8) is divided by (-33 - 1416/(-48))/(7/(-12))?
0
Let x be (-12)/66 - 272/(-44). Let k(r) = 11*r**2 - 48*r. Calculate the remainder when k(x) is divided by 19.
13
Suppose 4*u + 0 - 8 = q, 0 = -2*q + 5*u - 7. Calculate the remainder when q + 2 + 8 - (-4 - -7) is divided by 9.
2
Let w(j) = 57*j**2 + 2*j + 1. Suppose 0 = -60*t + 65 + 2388 - 173. What is the remainder when w(-2) is divided by t?
35
Let q = -661 - -876. What is the remainder when q is divided by 29?
12
Let n(o) = -108*o - 198. Let v(j) = 2*j + 2. Let s(g) = n(g) + 30*v(g). What is the remainder when s(-4) is divided by (2 + -4)/(1/(-7))?
12
Let b(s) = -10*s + 119. Let x be b(12). Let m(z) = -42*z + 24. Calculate the remainder when m(x) is divided by 4.
2
Let j(t) = -12*t**2 - 4*t - 3. Let w be j(-3). What is the remainder when w/(-21) + -5 + 5470/35 is divided by (-2 + 2 + -2)*-20?
36
Suppose 2*j = -j + 696. What is the remainder when j is divided by (58 - 1) + 16310/(-466)?
12
Let k = -200 - -211. Suppose 8*c = k*c - 126. Calculate the remainder when 68 is divided by c.
26
Let x = 251 - 125. Suppose 0 = 5*z - 204 - x. Calculate the remainder when z is divided by 44.
22
Let h(s) = -s**2 - 6*s + 15. Let d be h(-9). What is the remainder when 7 is divided by 20 + d - 3*2?
1
Let f = -50676 + 50709. Suppose 0 = -d + 2*d - 9. Calculate the remainder when f is divided by ((-30)/d)/(3/(-9)).
3
Let b(f) = -9*f**2 - 315*f - 73. Calculate the remainder when b(-27) is divided by 24.
23
Let s = 332 + -303. What is the remainder when (1 + 5/(-15))*342 is divided by s?
25
Suppose 4*j + 143 = -5*v, -2*v + 8*j - 56 = 9*j. Let z = 26 - v. Calculate the remainder when z is divided by 30.
23
Calculate the remainder when (-33)/(-2)*(13 - 770/(-42)) is divided by 8.
5
Let c = -3482 + 3495. What is the remainder when 1246 is divided by c?
11
Let k(x) = -2*x**3 + x**2 + 29*x + 91. Calculate the remainder when 1178 is divided by k(0).
86
Calculate the remainder when 569 is divided by ((1372/21)/(-7))/(2/(-30)).
9
Suppose 0 = y - 16 - 66. Let s = y - 36. Suppose 2*f - 14 = -3*a, a - 31 = -3*f - a. What is the remainder when s is divided by f?
7
Let k(m) = -m + 1. Suppose -2*z - 12 = -0*z. Suppose 2*r - 4*g + 90 = 4*r, -4*g = -r + 33. What is the remainder when r is divided by k(z)?
6
Let j = -329 + 616. Let w = -170463 - -170479. What is the remainder when j is divided by w?
15
L